the remainder when 13097 is divided by 82.
59
What is the remainder when 24635 is divided by 12?
11
What is the remainder when 772 is divided by 8?
4
What is the remainder when 18374 is divided by 767?
733
What is the remainder when 1332295 is divided by 296?
295
What is the remainder when 17908 is divided by 389?
14
Calculate the remainder when 11656 is divided by 374.
62
Calculate the remainder when 5470 is divided by 32.
30
What is the remainder when 14361 is divided by 2829?
216
Calculate the remainder when 735 is divided by 154.
119
Calculate the remainder when 21609 is divided by 128.
105
Calculate the remainder when 2055 is divided by 110.
75
Calculate the remainder when 3582 is divided by 287.
138
Calculate the remainder when 3056706 is divided by 971.
969
Calculate the remainder when 386878 is divided by 240.
238
What is the remainder when 14005 is divided by 293?
234
Calculate the remainder when 35120 is divided by 31.
28
What is the remainder when 144721 is divided by 79?
72
What is the remainder when 43279 is divided by 4?
3
What is the remainder when 2556 is divided by 246?
96
Calculate the remainder when 2936 is divided by 284.
96
What is the remainder when 9795 is divided by 97?
95
Calculate the remainder when 4651 is divided by 2248.
155
Calculate the remainder when 685479 is divided by 266.
263
What is the remainder when 70628 is divided by 8?
4
Calculate the remainder when 499566 is divided by 166522.
0
What is the remainder when 104280 is divided by 2219?
2206
Calculate the remainder when 470619 is divided by 134.
11
Calculate the remainder when 12428 is divided by 1268.
1016
Calculate the remainder when 1250 is divided by 767.
483
Calculate the remainder when 3345 is divided by 112.
97
What is the remainder when 13855 is divided by 1384?
15
Calculate the remainder when 97116 is divided by 50.
16
Calculate the remainder when 102851 is divided by 35.
21
What is the remainder when 12589 is divided by 4000?
589
What is the remainder when 67126 is divided by 1267?
1242
Calculate the remainder when 16862 is divided by 733.
3
Calculate the remainder when 14426 is divided by 6.
2
Calculate the remainder when 1095 is divided by 398.
299
Calculate the remainder when 1175492 is divided by 391826.
14
Calculate the remainder when 124683 is divided by 427.
426
What is the remainder when 10081 is divided by 4844?
393
What is the remainder when 527 is divided by 43?
11
Calculate the remainder when 1955 is divided by 230.
115
Calculate the remainder when 20228 is divided by 102.
32
What is the remainder when 21198 is divided by 3533?
0
Calculate the remainder when 3014 is divided by 1137.
740
What is the remainder when 4036 is divided by 21?
4
What is the remainder when 216405 is divided by 23?
21
Calculate the remainder when 78189 is divided by 495.
474
Calculate the remainder when 121752 is divided by 34.
32
Calculate the remainder when 1510 is divided by 323.
218
What is the remainder when 92351 is divided by 32?
31
What is the remainder when 29636 is divided by 333?
332
Calculate the remainder when 38037 is divided by 396.
21
Calculate the remainder when 142954 is divided by 71470.
14
What is the remainder when 2680 is divided by 482?
270
Calculate the remainder when 4386 is divided by 1740.
906
What is the remainder when 42265 is divided by 175?
90
Calculate the remainder when 45135 is divided by 22549.
37
What is the remainder when 203985 is divided by 1619?
1610
Calculate the remainder when 9426 is divided by 4675.
76
What is the remainder when 5891 is divided by 16?
3
Calculate the remainder when 3362254 is divided by 432.
430
What is the remainder when 71349 is divided by 1115?
1104
Calculate the remainder when 128600 is divided by 297.
296
Calculate the remainder when 91877 is divided by 30614.
35
What is the remainder when 24074 is divided by 93?
80
Calculate the remainder when 5248 is divided by 10.
8
Calculate the remainder when 2879 is divided by 36.
35
Calculate the remainder when 164187 is divided by 421.
418
What is the remainder when 189585 is divided by 183?
180
Calculate the remainder when 54124 is divided by 933.
10
What is the remainder when 26426 is divided by 51?
8
Calculate the remainder when 1876 is divided by 618.
22
Calculate the remainder when 21153 is divided by 529.
522
What is the remainder when 86226 is divided by 701?
3
What is the remainder when 26071 is divided by 844?
751
What is the remainder when 25600 is divided by 12797?
6
What is the remainder when 14794 is divided by 243?
214
Calculate the remainder when 15855 is divided by 256.
239
Calculate the remainder when 51052 is divided by 74.
66
What is the remainder when 1623 is divided by 112?
55
What is the remainder when 109870 is divided by 137?
133
Calculate the remainder when 2345 is divided by 186.
113
Calculate the remainder when 2740 is divided by 550.
540
What is the remainder when 2349 is divided by 1174?
1
Calculate the remainder when 3641 is divided by 1167.
140
Calculate the remainder when 183637 is divided by 3992.
5
What is the remainder when 3670 is divided by 926?
892
Calculate the remainder when 103372 is divided by 6.
4
Calculate the remainder when 19836 is divided by 32.
28
Calculate the remainder when 3406 is divided by 1528.
350
Calculate the remainder when 4497 is divided by 254.
179
Calculate the remainder when 4208 is divided by 183.
182
Calculate the remainder when 1004 is divided by 212.
156
Calculate the remainder when 14584 is divided by 4.
0
What is the remainder when 108676 is divided by 5?
1
Calculate the remainder when 2814 is divided by 54.
6
What is the remainder when 106446 is divided by 137?
134
Calculate the remainder when 32226 is divided by 65.
51
What is the remainder when 49202 is divided by 16375?
77
What is the remainder when 7768 is divided by 32?
24
What is the remainder when 9693 is divided by 4532?
629
What is the remainder when 124 is divided by 57?
10
What is the remainder when 27080 is divided by 100?
80
What is the remainder when 63062 is divided by 539?
538
What is the remainder when 646010 is divided by 37?
27
Calculate the remainder when 4079 is divided by 195.
179
What is the remainder when 32303 is divided by 3589?
2
Calculate the remainder when 4587 is divided by 28.
23
What is the remainder when 1160199 is divided by 39?
27
What is the remainder when 33813 is divided by 33?
21
What is the remainder when 195225 is divided by 174?
171
What is the remainder when 10833 is divided by 5020?
793
What is the remainder when 139092 is divided by 31?
26
What is the remainder when 1638669 is divided by 38?
33
Calculate the remainder when 4256 is divided by 1380.
116
Calculate the remainder when 198944 is divided by 562.
558
What is the remainder when 188613 is divided by 9430?
13
Calculate the remainder when 366 is divided by 356.
10
Calculate the remainder when 153275 is divided by 194.
15
Calculate the remainder when 19179 is divided by 55.
39
Calculate the remainder when 2285 is divided by 312.
101
What is the remainder when 135623 is divided by 775?
773
What is the remainder when 169854 is divided by 13?
9
What is the remainder when 24038 is divided by 173?
164
Calculate the remainder when 68643 is divided by 50.
43
What is the remainder when 166862 is divided by 1620?
2
What is the remainder when 149843 is divided by 94?
7
What is the remainder when 71883 is divided by 773?
767
What is the remainder when 4929 is divided by 2085?
759
What is the remainder when 3798 is divided by 6?
0
What is the remainder when 11062 is divided by 51?
46
What is the remainder when 52086 is divided by 136?
134
Calculate the remainder when 1857 is divided by 121.
42
Calculate the remainder when 46347 is divided by 610.
597
Calculate the remainder when 798 is divided by 712.
86
What is the remainder when 176075 is divided by 14672?
11
Calculate the remainder when 305712 is divided by 174.
168
Calculate the remainder when 161241 is divided by 158.
81
What is the remainder when 10313 is divided by 2049?
68
Calculate the remainder when 129129 is divided by 130.
39
What is the remainder when 3036 is divided by 12?
0
Calculate the remainder when 13417 is divided by 528.
217
Calculate the remainder when 142981 is divided by 3